Last updated on 2024-06-29 10:48:58 CEST.
Flavor | Version | Tinstall | Tcheck | Ttotal | Status | Flags |
---|---|---|---|---|---|---|
r-devel-linux-x86_64-debian-clang | 0.4.2.1 | 17.36 | 57.87 | 75.23 | OK | |
r-devel-linux-x86_64-debian-gcc | 0.4.2.1 | 13.37 | 43.06 | 56.43 | OK | |
r-devel-linux-x86_64-fedora-clang | 0.4.2.1 | 91.01 | NOTE | |||
r-devel-linux-x86_64-fedora-gcc | 0.4.2.1 | 110.29 | OK | |||
r-devel-windows-x86_64 | 0.4.2.1 | 24.00 | 72.00 | 96.00 | OK | |
r-patched-linux-x86_64 | 0.4.2.1 | 17.02 | 53.85 | 70.87 | OK | |
r-release-linux-x86_64 | 0.4.2.1 | 17.00 | 53.55 | 70.55 | OK | |
r-release-macos-arm64 | 0.4.2.1 | 38.00 | OK | |||
r-release-macos-x86_64 | 0.4.2.1 | 57.00 | OK | |||
r-release-windows-x86_64 | 0.4.2.1 | 29.00 | 79.00 | 108.00 | OK | |
r-oldrel-macos-arm64 | 0.4.2.1 | 41.00 | OK | |||
r-oldrel-macos-x86_64 | 0.4.2.1 | 60.00 | OK | |||
r-oldrel-windows-x86_64 | 0.4.2.1 | 29.00 | 81.00 | 110.00 | OK |
Version: 0.4.2.1
Check: Rd cross-references
Result: NOTE
Undeclared package ‘caret’ in Rd xrefs
Flavor: r-devel-linux-x86_64-fedora-clang