Last updated on 2024-08-16 09:49:01 CEST.
Flavor | Version | Tinstall | Tcheck | Ttotal | Status | Flags |
---|---|---|---|---|---|---|
r-devel-linux-x86_64-debian-clang | 4.0 | 142.19 | 243.20 | 385.39 | OK | |
r-devel-linux-x86_64-debian-gcc | 4.0 | 58.68 | 158.74 | 217.42 | OK | |
r-devel-linux-x86_64-fedora-clang | 4.0 | 541.91 | OK | |||
r-devel-linux-x86_64-fedora-gcc | 4.0 | 538.48 | OK | |||
r-devel-windows-x86_64 | 4.0 | 75.00 | 241.00 | 316.00 | OK | |
r-patched-linux-x86_64 | 4.0 | 82.15 | 227.56 | 309.71 | OK | |
r-release-linux-x86_64 | 4.0 | 81.99 | 225.79 | 307.78 | OK | |
r-release-macos-arm64 | 4.0 | 133.00 | NOTE | |||
r-release-macos-x86_64 | 4.0 | 226.00 | NOTE | |||
r-release-windows-x86_64 | 4.0 | 75.00 | 247.00 | 322.00 | OK | |
r-oldrel-macos-arm64 | 4.0 | 176.00 | NOTE | |||
r-oldrel-macos-x86_64 | 4.0 | 298.00 | NOTE | |||
r-oldrel-windows-x86_64 | 4.0 | 97.00 | 304.00 | 401.00 | OK |
Version: 4.0
Check: installed package size
Result: NOTE
installed size is 8.1Mb
sub-directories of 1Mb or more:
R 1.0Mb
libs 5.9Mb
Flavors: r-release-macos-arm64, r-release-macos-x86_64, r-oldrel-macos-arm64, r-oldrel-macos-x86_64