Last updated on 2024-08-16 09:49:01 CEST.
Flavor | Version | Tinstall | Tcheck | Ttotal | Status | Flags |
---|---|---|---|---|---|---|
r-devel-linux-x86_64-debian-clang | 0.2.0 | 674.82 | 200.96 | 875.78 | NOTE | |
r-devel-linux-x86_64-debian-gcc | 0.2.0 | 600.77 | 223.41 | 824.18 | NOTE | |
r-devel-linux-x86_64-fedora-clang | 0.2.0 | 1392.68 | NOTE | |||
r-devel-linux-x86_64-fedora-gcc | 0.2.0 | 2133.95 | NOTE | |||
r-devel-windows-x86_64 | 0.2.0 | 647.00 | 324.00 | 971.00 | NOTE | |
r-patched-linux-x86_64 | 0.2.0 | 799.27 | 275.89 | 1075.16 | NOTE | |
r-release-linux-x86_64 | 0.2.0 | 783.80 | 276.02 | 1059.82 | NOTE | |
r-release-macos-arm64 | 0.2.0 | 350.00 | NOTE | |||
r-release-macos-x86_64 | 0.2.0 | 356.00 | NOTE | |||
r-release-windows-x86_64 | 0.2.0 | 645.00 | 336.00 | 981.00 | NOTE | |
r-oldrel-macos-arm64 | 0.2.0 | 401.00 | NOTE | |||
r-oldrel-macos-x86_64 | 0.2.0 | 625.00 | NOTE | |||
r-oldrel-windows-x86_64 | 0.2.0 | 833.00 | 407.00 | 1240.00 | NOTE |
Version: 0.2.0
Check: for GNU extensions in Makefiles
Result: NOTE
GNU make is a SystemRequirements.
Flavors: r-devel-linux-x86_64-debian-clang, r-devel-linux-x86_64-debian-gcc, r-devel-linux-x86_64-fedora-clang, r-devel-linux-x86_64-fedora-gcc, r-devel-windows-x86_64, r-patched-linux-x86_64, r-release-linux-x86_64, r-release-macos-arm64, r-release-macos-x86_64, r-release-windows-x86_64, r-oldrel-macos-arm64, r-oldrel-macos-x86_64, r-oldrel-windows-x86_64
Version: 0.2.0
Check: installed package size
Result: NOTE
installed size is 7.7Mb
sub-directories of 1Mb or more:
libs 7.2Mb
Flavors: r-devel-linux-x86_64-fedora-clang, r-devel-windows-x86_64, r-release-macos-arm64, r-release-macos-x86_64, r-release-windows-x86_64, r-oldrel-macos-arm64, r-oldrel-macos-x86_64, r-oldrel-windows-x86_64